{"id":7,"date":"2023-11-07T17:00:00","date_gmt":"2023-11-07T20:00:00","guid":{"rendered":"https:\/\/testearquetipos.livrescriative.com.br\/?page_id=7"},"modified":"2023-11-07T22:49:51","modified_gmt":"2023-11-08T01:49:51","slug":"home","status":"publish","type":"page","link":"https:\/\/testearquetipos.livrescriative.com.br\/","title":{"rendered":"Home"},"content":{"rendered":"\t\t<div data-elementor-type=\"wp-page\" data-elementor-id=\"7\" class=\"elementor elementor-7\" data-elementor-post-type=\"page\">\n\t\t\t\t\t\t\t<div class=\"elementor-element elementor-element-b8cb6e1 e-flex e-con-boxed e-con e-parent\" data-id=\"b8cb6e1\" data-element_type=\"container\" data-settings=\"{&quot;content_width&quot;:&quot;boxed&quot;}\" data-core-v316-plus=\"true\">\n\t\t\t\t\t<div class=\"e-con-inner\">\n\t\t<div class=\"elementor-element elementor-element-89ec229 e-flex e-con-boxed e-con e-child\" data-id=\"89ec229\" data-element_type=\"container\" data-settings=\"{&quot;background_background&quot;:&quot;classic&quot;,&quot;content_width&quot;:&quot;boxed&quot;}\">\n\t\t\t\t\t<div class=\"e-con-inner\">\n\t\t\t\t<div class=\"elementor-element elementor-element-2b15d1b elementor-widget elementor-widget-html\" data-id=\"2b15d1b\" data-element_type=\"widget\" data-widget_type=\"html.default\">\n\t\t\t\t<div class=\"elementor-widget-container\">\n\t\t\t<section class=\"elementor-section elementor-top-section elementor-element elementor-element-e8271fc elementor-section-height-min-height elementor-section-boxed elementor-section-height-default elementor-section-items-middle\" data-id=\"e8271fc\" data-element_type=\"section\" data-settings=\"{&quot;background_background&quot;:&quot;gradient&quot;,&quot;shape_divider_bottom&quot;:&quot;waves&quot;}\">\n\t\t\t\t\t\t\t<div class=\"elementor-background-overlay\"><\/div>\n\t\t\t\t\t\t<div class=\"elementor-shape elementor-shape-bottom\" data-negative=\"false\">\n\t\t\t<svg xmlns=\"http:\/\/www.w3.org\/2000\/svg\" viewBox=\"0 0 1000 100\" preserveAspectRatio=\"none\">\n\t<path class=\"elementor-shape-fill\" d=\"M421.9,6.5c22.6-2.5,51.5,0.4,75.5,5.3c23.6,4.9,70.9,23.5,100.5,35.7c75.8,32.2,133.7,44.5,192.6,49.7\n\tc23.6,2.1,48.7,3.5,103.4-2.5c54.7-6,106.2-25.6,106.2-25.6V0H0v30.3c0,0,72,32.6,158.4,30.5c39.2-0.7,92.8-6.7,134-22.4\n\tc21.2-8.1,52.2-18.2,79.7-24.2C399.3,7.9,411.6,7.5,421.9,6.5z\"><\/path>\n<\/svg>\t\t<\/div>\n\t\t\t\t\t<div class=\"elementor-container elementor-column-gap-default\">\n\t\t\t\t\t\t\t<div class=\"elementor-row\">\n\t\t\t\t\t<div class=\"elementor-column elementor-col-50 elementor-top-column elementor-element elementor-element-6c37499\" data-id=\"6c37499\" data-element_type=\"column\">\n\t\t\t<div class=\"elementor-column-wrap elementor-element-populated\">\n\t\t\t\t\t\t\t<div class=\"elementor-widget-wrap\">\n\t\t\t\t\t\t<div class=\"elementor-element elementor-element-6974543 elementor-widget elementor-widget-image\" data-id=\"6974543\" data-element_type=\"widget\" data-widget_type=\"image.default\">\n\t\t\t\t<div class=\"elementor-widget-container\">\n\t\t\t\t\t\t\t\t<div class=\"elementor-image\">\n\t\t\t\t\t\t\t\t\t\t\t\t<img fetchpriority=\"high\" decoding=\"async\" width=\"660\" height=\"660\" src=\"https:\/\/lytron.eu\/wp-content\/uploads\/archetypes-site-1024x1024.png\" class=\"attachment-large size-large wp-image-50857 entered lazyloaded\" alt=\"arquetipos de marca\" data-lazy-srcset=\"https:\/\/lytron.eu\/wp-content\/uploads\/archetypes-site-1024x1024.png 1024w, https:\/\/lytron.eu\/wp-content\/uploads\/archetypes-site-300x300.png 300w, https:\/\/lytron.eu\/wp-content\/uploads\/archetypes-site-150x150.png 150w, https:\/\/lytron.eu\/wp-content\/uploads\/archetypes-site-768x768.png 768w, https:\/\/lytron.eu\/wp-content\/uploads\/archetypes-site-100x100.png 100w, https:\/\/lytron.eu\/wp-content\/uploads\/archetypes-site-600x600.png 600w, https:\/\/lytron.eu\/wp-content\/uploads\/archetypes-site.png 1300w\" data-lazy-sizes=\"(max-width: 660px) 100vw, 660px\" data-lazy-src=\"https:\/\/lytron.eu\/wp-content\/uploads\/archetypes-site-1024x1024.png\" data-ll-status=\"loaded\" sizes=\"(max-width: 660px) 100vw, 660px\" srcset=\"https:\/\/lytron.eu\/wp-content\/uploads\/archetypes-site-1024x1024.png 1024w, https:\/\/lytron.eu\/wp-content\/uploads\/archetypes-site-300x300.png 300w, https:\/\/lytron.eu\/wp-content\/uploads\/archetypes-site-150x150.png 150w, https:\/\/lytron.eu\/wp-content\/uploads\/archetypes-site-768x768.png 768w, https:\/\/lytron.eu\/wp-content\/uploads\/archetypes-site-100x100.png 100w, https:\/\/lytron.eu\/wp-content\/uploads\/archetypes-site-600x600.png 600w, https:\/\/lytron.eu\/wp-content\/uploads\/archetypes-site.png 1300w\"><noscript><img decoding=\"async\" width=\"660\" height=\"660\" src=\"https:\/\/lytron.eu\/wp-content\/uploads\/archetypes-site-1024x1024.png\" class=\"attachment-large size-large wp-image-50857\" alt=\"arquetipos de marca\" srcset=\"https:\/\/lytron.eu\/wp-content\/uploads\/archetypes-site-1024x1024.png 1024w, https:\/\/lytron.eu\/wp-content\/uploads\/archetypes-site-300x300.png 300w, https:\/\/lytron.eu\/wp-content\/uploads\/archetypes-site-150x150.png 150w, https:\/\/lytron.eu\/wp-content\/uploads\/archetypes-site-768x768.png 768w, https:\/\/lytron.eu\/wp-content\/uploads\/archetypes-site-100x100.png 100w, https:\/\/lytron.eu\/wp-content\/uploads\/archetypes-site-600x600.png 600w, https:\/\/lytron.eu\/wp-content\/uploads\/archetypes-site.png 1300w\" sizes=\"(max-width: 660px) 100vw, 660px\" \/><\/noscript>\t\t\t\t\t\t\t\t\t\t\t\t\t\t<\/div>\n\t\t\t\t\t\t<\/div>\n\t\t\t\t<\/div>\n\t\t\t\t\t\t<\/div>\n\t\t\t\t\t<\/div>\n\t\t<\/div>\n\t\t\t\t<div class=\"elementor-column elementor-col-50 elementor-top-column elementor-element elementor-element-e13d54d\" data-id=\"e13d54d\" data-element_type=\"column\">\n\t\t\t<div class=\"elementor-column-wrap elementor-element-populated\">\n\t\t\t\t\t\t\t<div class=\"elementor-widget-wrap\">\n\t\t\t\t\t\t<div class=\"elementor-element elementor-element-c820e58 elementor-widget elementor-widget-heading elementor-motion-effects-parent\" data-id=\"c820e58\" data-element_type=\"widget\" data-settings=\"{&quot;motion_fx_motion_fx_scrolling&quot;:&quot;yes&quot;,&quot;motion_fx_translateY_effect&quot;:&quot;yes&quot;,&quot;motion_fx_translateY_speed&quot;:{&quot;unit&quot;:&quot;px&quot;,&quot;size&quot;:&quot;0.5&quot;,&quot;sizes&quot;:[]},&quot;motion_fx_translateY_affectedRange&quot;:{&quot;unit&quot;:&quot;%&quot;,&quot;size&quot;:&quot;&quot;,&quot;sizes&quot;:{&quot;start&quot;:&quot;0&quot;,&quot;end&quot;:&quot;50&quot;}},&quot;motion_fx_devices&quot;:[&quot;desktop&quot;,&quot;mobile&quot;]}\" data-widget_type=\"heading.default\">\n\t\t\t\t<div class=\"elementor-widget-container elementor-motion-effects-element\" style=\"--translateY: 14.3px; --e-transform-transition-duration: 100ms; transform: translateY(var(--translateY));\">\n\t\t\t<h1 class=\"elementor-heading-title elementor-size-default\">Teste dos Arqu\u00e9tipos<\/h1>\t\t<\/div>\n\t\t\t\t<\/div>\n\t\t\t\t<div class=\"elementor-element elementor-element-76a103f elementor-widget elementor-widget-text-editor\" data-id=\"76a103f\" data-element_type=\"widget\" data-widget_type=\"text-editor.default\">\n\t\t\t\t<div class=\"elementor-widget-container\">\n\t\t\t\t\t\t\t\t<div class=\"elementor-text-editor elementor-clearfix\">\n\t\t\t\t<p><span style=\"color: #ffffff;\">15 Perguntas: 10 Minutos. Resultado Imediato.<\/span><\/p><p><span style=\"color: #ffffff;\">O objetivo do <strong>teste de Arqu\u00e9tipo<\/strong> de marca \u00e9 ajud\u00e1-lo a entender qual \u00e9 a sua personalidade e como essa metodologia estrat\u00e9gica pode diferenciar e destacar sua marca de seus concorrentes. <\/span><\/p><p><span style=\"color: #ffffff;\">Seja marca pessoal ou corporativa, com essa estrat\u00e9gia emocional, voc\u00ea humanizar\u00e1 seu neg\u00f3cio e conectar\u00e1 com seu cliente ideal em um n\u00edvel mais profundo.<\/span><\/p>\t\t\t\t\t<\/div>\n\t\t\t\t\t\t<\/div>\n\t\t\t\t<\/div>\n\t\t\t\t<div class=\"elementor-element elementor-element-59fe9fa elementor-align-left elementor-widget elementor-widget-button\" data-id=\"59fe9fa\" data-element_type=\"widget\" data-widget_type=\"button.default\">\n\t\t\t\t<div class=\"elementor-widget-container\">\n\t\t\t\t\t<div class=\"elementor-button-wrapper\">\n\t\t\t<a class=\"elementor-button elementor-button-link elementor-size-sm\" href=\"#link\">\n\t\t\t\t\t\t<span class=\"elementor-button-content-wrapper\">\n\t\t\t\t\t\t<span class=\"elementor-button-icon elementor-align-icon-left\">\n\t\t\t\t<i aria-hidden=\"true\" class=\"icon- icon-arrow-down\"><\/i>\t\t\t<\/span>\n\t\t\t\t\t\t<span class=\"elementor-button-text\">Role Abaixo e Comece J\u00e1!<\/span>\n\t\t<\/span>\n\t\t\t\t\t<\/a>\n\t\t<\/div>\n\t\t\t\t<\/div>\n\t\t\t\t<\/div>\n\t\t\t\t\t\t<\/div>\n\t\t\t\t\t<\/div>\n\t\t<\/div>\n\t\t\t\t\t\t\t\t<\/div>\n\t\t\t\t\t<\/div>\n\t\t<\/section>\t\t<\/div>\n\t\t\t\t<\/div>\n\t\t\t\t\t<\/div>\n\t\t\t\t<\/div>\n\t\t\t\t\t<\/div>\n\t\t\t\t<\/div>\n\t\t<div class=\"elementor-element elementor-element-0ce37cb e-flex e-con-boxed e-con e-parent\" data-id=\"0ce37cb\" data-element_type=\"container\" data-settings=\"{&quot;content_width&quot;:&quot;boxed&quot;}\" data-core-v316-plus=\"true\">\n\t\t\t\t\t<div class=\"e-con-inner\">\n\t\t\t\t<div class=\"elementor-element elementor-element-f5d41c6 elementor-widget elementor-widget-html\" data-id=\"f5d41c6\" data-element_type=\"widget\" data-widget_type=\"html.default\">\n\t\t\t\t<div class=\"elementor-widget-container\">\n\t\t\t<iframe width=\"560\" height=\"1080\" src=\"https:\/\/quiz.tryinteract.com\/#\/60017493cb0abf0016eeb013\" title=\"YouTube video player\" frameborder=\"0\" allow=\"accelerometer; autoplay; clipboard-write; encrypted-media; gyroscope; picture-in-picture; web-share\" allowfullscreen><\/iframe>\t\t<\/div>\n\t\t\t\t<\/div>\n\t\t<div class=\"elementor-element elementor-element-9a92014 e-flex e-con-boxed e-con e-child\" data-id=\"9a92014\" data-element_type=\"container\" data-settings=\"{&quot;background_background&quot;:&quot;classic&quot;,&quot;content_width&quot;:&quot;boxed&quot;}\">\n\t\t\t\t\t<div class=\"e-con-inner\">\n\t\t\t\t<div class=\"elementor-element elementor-element-1a4e30d elementor-widget elementor-widget-html\" data-id=\"1a4e30d\" data-element_type=\"widget\" data-widget_type=\"html.default\">\n\t\t\t\t<div class=\"elementor-widget-container\">\n\t\t\t<section class=\"elementor-section elementor-top-section elementor-element elementor-element-cf7925b elementor-section-boxed elementor-section-height-default elementor-section-height-default\" data-id=\"cf7925b\" data-element_type=\"section\" data-settings=\"{&quot;background_background&quot;:&quot;classic&quot;}\">\n\t\t\t\t\t\t<div class=\"elementor-container elementor-column-gap-default\">\n\t\t\t\t\t\t\t<div class=\"elementor-row\">\n\t\t\t\t\t<div class=\"elementor-column elementor-col-100 elementor-top-column elementor-element elementor-element-ef02563\" data-id=\"ef02563\" data-element_type=\"column\">\n\t\t\t<div class=\"elementor-column-wrap elementor-element-populated\">\n\t\t\t\t\t\t\t<div class=\"elementor-widget-wrap\">\n\t\t\t\t\t\t<div class=\"elementor-element elementor-element-e12e963 elementor-widget elementor-widget-spacer\" data-id=\"e12e963\" data-element_type=\"widget\" data-widget_type=\"spacer.default\">\n\t\t\t\t<div class=\"elementor-widget-container\">\n\t\t\t\t\t<div class=\"elementor-spacer\">\n\t\t\t<div class=\"elementor-spacer-inner\"><\/div>\n\t\t<\/div>\n\t\t\t\t<\/div>\n\t\t\t\t<\/div>\n\t\t\t\t<div class=\"elementor-element elementor-element-f1545c4 elementor-widget elementor-widget-heading\" data-id=\"f1545c4\" data-element_type=\"widget\" data-widget_type=\"heading.default\">\n\t\t\t\t<div class=\"elementor-widget-container\">\n\t\t\t<h2 class=\"elementor-heading-title elementor-size-default\">O que voc\u00ea deve fazer ap\u00f3s receber o seu resultado do teste de arqu\u00e9tipo?<\/h2>\t\t<\/div>\n\t\t\t\t<\/div>\n\t\t\t\t<div class=\"elementor-element elementor-element-48e0f1c elementor-widget elementor-widget-text-editor\" data-id=\"48e0f1c\" data-element_type=\"widget\" data-widget_type=\"text-editor.default\">\n\t\t\t\t<div class=\"elementor-widget-container\">\n\t\t\t\t\t\t\t\t<div class=\"elementor-text-editor elementor-clearfix\">\n\t\t\t\t<p>Aprenda como implementar essa metodologia! Mais importante que testar e descobrir qual \u00e9 o seu arqu\u00e9tipo, \u00e9 entender como implement\u00e1-lo.<\/p><p>O teste \u00e9 apenas o primeiro passo, e foi desenhado para lhe ajudar a entrar nesse mundo dos arqu\u00e9tipos. Depois de entender melhor sobre o seu arqu\u00e9tipo, recomendamos que leia o nosso livro, que tem como o objetivo de introduzir a estrat\u00e9gia.<\/p><p>No fim, tem um question\u00e1rio interativo com um auto-diagn\u00f3stico digital que lhe ajudar\u00e1 a organizar suas id\u00e9ias e gerar cont\u00e9udo rico, trazendo respostas l\u00e1 de dentro de voc\u00ea.<\/p><p>No fim do teste de arqu\u00e9tipo, deixe o seu email e enviaremos emails exclusivos que&nbsp; transformar\u00e3o a sua marca de dentro para fora.<\/p>\t\t\t\t\t<\/div>\n\t\t\t\t\t\t<\/div>\n\t\t\t\t<\/div>\n\t\t\t\t<div class=\"elementor-element elementor-element-cd48da5 elementor-widget elementor-widget-spacer\" data-id=\"cd48da5\" data-element_type=\"widget\" data-widget_type=\"spacer.default\">\n\t\t\t\t<div class=\"elementor-widget-container\">\n\t\t\t\t\t<div class=\"elementor-spacer\">\n\t\t\t<div class=\"elementor-spacer-inner\"><\/div>\n\t\t<\/div>\n\t\t\t\t<\/div>\n\t\t\t\t<\/div>\n\t\t\t\t\t\t<\/div>\n\t\t\t\t\t<\/div>\n\t\t<\/div>\n\t\t\t\t\t\t\t\t<\/div>\n\t\t\t\t\t<\/div>\n\t\t<\/section>\t\t<\/div>\n\t\t\t\t<\/div>\n\t\t\t\t\t<\/div>\n\t\t\t\t<\/div>\n\t\t\t\t\t<\/div>\n\t\t\t\t<\/div>\n\t\t<div class=\"elementor-element elementor-element-61a66b9 e-flex e-con-boxed e-con e-parent\" data-id=\"61a66b9\" data-element_type=\"container\" data-settings=\"{&quot;content_width&quot;:&quot;boxed&quot;}\" data-core-v316-plus=\"true\">\n\t\t\t\t\t<div class=\"e-con-inner\">\n\t\t\t\t<div class=\"elementor-element elementor-element-aca63ac elementor-widget elementor-widget-html\" data-id=\"aca63ac\" data-element_type=\"widget\" data-widget_type=\"html.default\">\n\t\t\t\t<div class=\"elementor-widget-container\">\n\t\t\t<script>(function(q,u,i,z,r){z=q.createElement(u),r=q.getElementsByTagName(u)[0];z.async=1;z.src=i;r.parentNode.insertBefore(z,r);})(document,'script','https:\/\/pt.quizur.com\/js\/embedder.js');<\/script><ins class=\"quizurembed\" data-id=\"\/quiz\/qual-seu-perfil-arquetipico-Jq9K\"><\/ins>\t\t<\/div>\n\t\t\t\t<\/div>\n\t\t\t\t\t<\/div>\n\t\t\t\t<\/div>\n\t\t<div class=\"elementor-element elementor-element-c60ee01 e-flex e-con-boxed e-con e-parent\" data-id=\"c60ee01\" data-element_type=\"container\" data-settings=\"{&quot;content_width&quot;:&quot;boxed&quot;}\" data-core-v316-plus=\"true\">\n\t\t\t\t\t<div class=\"e-con-inner\">\n\t\t\t\t<div class=\"elementor-element elementor-element-058da1a elementor-widget elementor-widget-html\" data-id=\"058da1a\" data-element_type=\"widget\" data-widget_type=\"html.default\">\n\t\t\t\t<div class=\"elementor-widget-container\">\n\t\t\t<script>(function(q,u,i,z,r){z=q.createElement(u),r=q.getElementsByTagName(u)[0];z.async=1;z.src=i;r.parentNode.insertBefore(z,r);})(document,'script','https:\/\/pt.quizur.com\/js\/embedder.js');<\/script><ins class=\"quizurembed\" data-id=\"\/quiz\/teste-dos-arqupetipos-VNVF\"><\/ins>\t\t<\/div>\n\t\t\t\t<\/div>\n\t\t\t\t\t<\/div>\n\t\t\t\t<\/div>\n\t\t\t\t\t\t\t<\/div>\n\t\t","protected":false},"excerpt":{"rendered":"<p>Teste dos Arqu\u00e9tipos 15 Perguntas: 10 Minutos. Resultado Imediato. O objetivo do teste de Arqu\u00e9tipo de marca \u00e9 ajud\u00e1-lo a entender qual \u00e9 a sua personalidade e como essa metodologia estrat\u00e9gica pode diferenciar e destacar sua marca de seus concorrentes. Seja marca pessoal ou corporativa, com essa estrat\u00e9gia emocional, voc\u00ea humanizar\u00e1 seu neg\u00f3cio e conectar\u00e1 &#8230; <a title=\"Home\" class=\"read-more\" href=\"https:\/\/testearquetipos.livrescriative.com.br\/\" aria-label=\"More on Home\">Read more<\/a><\/p>\n","protected":false},"author":1,"featured_media":0,"parent":0,"menu_order":0,"comment_status":"closed","ping_status":"closed","template":"elementor_canvas","meta":{"footnotes":""},"_links":{"self":[{"href":"https:\/\/testearquetipos.livrescriative.com.br\/index.php?rest_route=\/wp\/v2\/pages\/7"}],"collection":[{"href":"https:\/\/testearquetipos.livrescriative.com.br\/index.php?rest_route=\/wp\/v2\/pages"}],"about":[{"href":"https:\/\/testearquetipos.livrescriative.com.br\/index.php?rest_route=\/wp\/v2\/types\/page"}],"author":[{"embeddable":true,"href":"https:\/\/testearquetipos.livrescriative.com.br\/index.php?rest_route=\/wp\/v2\/users\/1"}],"replies":[{"embeddable":true,"href":"https:\/\/testearquetipos.livrescriative.com.br\/index.php?rest_route=%2Fwp%2Fv2%2Fcomments&post=7"}],"version-history":[{"count":37,"href":"https:\/\/testearquetipos.livrescriative.com.br\/index.php?rest_route=\/wp\/v2\/pages\/7\/revisions"}],"predecessor-version":[{"id":49,"href":"https:\/\/testearquetipos.livrescriative.com.br\/index.php?rest_route=\/wp\/v2\/pages\/7\/revisions\/49"}],"wp:attachment":[{"href":"https:\/\/testearquetipos.livrescriative.com.br\/index.php?rest_route=%2Fwp%2Fv2%2Fmedia&parent=7"}],"curies":[{"name":"wp","href":"https:\/\/api.w.org\/{rel}","templated":true}]}}